= 3*q + 37063, 26819 = 5*o - 2*q - 10248. What are the prime factors of o?
5, 1483
Suppose 5*n = z - 14, 0 = 5*z + 3*n - 0*n - 70. Let r be (32/(-112))/((-1)/z). What are the prime factors of (-19)/((r - 0)/(-12))?
3, 19
Suppose -5616 = -24*t + 36*t. Let u = 709 + t. What are the prime factors of u?
241
Suppose -v - 113 + 553 = -4*d, -2*v - 8 = 0. Let t be d/(-6) + (-3)/2. Suppose 35*j - t = 34*j. What are the prime factors of j?
17
Suppose 4*a = k - 13477, -2*k + 2068*a + 26978 = 2066*a. List the prime factors of k.
103, 131
Let k = 1248 - 665. Suppose 2*f - k - 19 = 0. List the prime factors of f.
7, 43
Let r = 22623 - 7476. List the prime factors of r.
3, 11, 17
Let y(h) = 117*h**3 - 110*h**2 - 2*h - 22. List the prime factors of y(5).
13, 911
Suppose -40*x + 366324 = -105356. List the prime factors of x.
2, 11, 67
Let m(w) be the first derivative of w**2 - 42*w - 1. Let i be m(21). Suppose -7*h + 236 + 422 = i. What are the prime factors of h?
2, 47
Let o = 10380 + 2768. Suppose -o - 3034 = -18*p. What are the prime factors of p?
29, 31
Let z = 39 + -32. Suppose -z*f + 165 = -374. Suppose -102 + f = -5*q. What are the prime factors of q?
5
Suppose -35 = -15*d + 8*d. Let v(a) = 3*a + d - 4*a + 5*a**2 - 3 + 3*a. What are the prime factors of v(-4)?
2, 37
Let z(u) = -204*u**2 - 2*u - 4. Let l(d) = 16 - d - 3*d**2 + 2*d**2 - 17. Let m(q) = 3*l(q) - z(q). What are the prime factors of m(-1)?
7, 29
Let c = 609 - 607. Suppose 5*g + c*q - 5075 = 0, 2*g + q - 2029 = -0*g. List the prime factors of g.
3, 113
Let c = -9007 + 12696. What are the prime factors of c?
7, 17, 31
List the prime factors of 5/30 - 467930/(-60).
11, 709
Let o be (1/(-3)*-3)/(6/12). Let i(p) = 34*p**3 + 4*p**2 - 6*p - 3. What are the prime factors of i(o)?
3, 7, 13
Let m(u) = -u + 2. Let x be m(2). Suppose x = -5*d + 5*r - 365, 0 = -3*d + 2*d - 3*r - 53. Let t = d + 102. List the prime factors of t.
2, 17
Let f = 486 - 279. Suppose 0 = 4*s - 12, -s + f = 3*c + 4*s. List the prime factors of c.
2
Let d = 54 - 45. Suppose d*y - 180 = 27*y. List the prime factors of ((-15)/6)/(y/24).
2, 3
Let z be -55*(-8)/40 + -7. Suppose -4*q = 16*t - 15*t - 5497, 0 = 5*q - z*t - 6866. What are the prime factors of q?
2, 3, 229
Let w = -32503 - -71007. What are the prime factors of w?
2, 4813
Suppose 62*f = 51*f - 5402 + 24586. What are the prime factors of f?
2, 109
Let x be (21/14)/((-3)/4)*-4. Let g be 54/x - ((-3)/(-4))/(-3). List the prime factors of 0 + 135 - (g - 8).
2, 17
Suppose 4*f = -5*s + 7*f + 1021, f = 3*s - 615. Suppose -3*z = -3*x + 410 + 298, x + 5*z - s = 0. List the prime factors of x.
3, 7, 11
Let f(z) = -31*z + 9. Suppose 3*b + 2*b + 20 = 0, 2*o - 2*b = -2. Let h be f(o). Suppose -5*l + 3*l = -h. What are the prime factors of l?
2, 41
Let x(o) = -84*o**2 - o - 1. Let b be x(-1). What are the prime factors of 10/8 + (-91455)/b?
2, 5, 109
Let s(x) = -1050*x - 8. What are the prime factors of s(-7)?
2, 3671
Suppose -9*k + 55232 = -89083. What are the prime factors of k?
3, 5, 1069
Let j be (-1)/3 - (-2)/6. Suppose j = -0*g + 5*g - 850. Suppose p - z = 4*z + 50, g = 2*p + 4*z. List the prime factors of p.
3, 5
Let z = 211010 + -126718. Suppose z = 43*w + 11149. List the prime factors of w.
3, 7
What are the prime factors of (20 + -18 - -39839) + -7?
2, 3, 2213
Suppose 3*j - 5097 = -3*u, -2*u = -4*j - 530 - 2886. List the prime factors of u.
2, 23, 37
Suppose 0 = m + 5 - 7. Suppose m*a + a = 471. Suppose 3*z - 97 = -0*p + p, 5*z - a = -3*p. List the prime factors of z.
2
Let g(z) = z**3 - 7*z**2 + 11*z - 26. Let t be g(6). What are the prime factors of t/6 - 70*(-16)/3?
2, 11, 17
Suppose 15*y + 7657 = -16*y. Let z = y - -866. What are the prime factors of z?
619
Let q(g) = 2*g**2 + 34*g + 58. Let j be ((390/(-4))/5)/(6/8). Let a be q(j). Suppose 3*m = -46 + a. What are the prime factors of m?
2, 5
What are the prime factors of (0 - (70381 - 1))*70/(-105)?
2, 3, 5, 17, 23
Let k(t) = 12*t**2 + 22*t - 44. List the prime factors of k(-29).
2, 5, 941
Suppose 0 = -9*f + 14 + 4. What are the prime factors of 2*(-221)/f*-1?
13, 17
Suppose -816803 = -65*v - 369187 + 1694589. List the prime factors of v.
32957
Let m be (-10)/(-20)*(-2 - (-8 - 2)). Let f(v) = 4*v**2 - 5*v**2 + 1 + m*v**2 - 6 + v**3 - 2*v. List the prime factors of f(5).
5, 37
Suppose -336*i + 2295816 = 188760. List the prime factors of i.
6271
Let c = -40 + 60. List the prime factors of c/(105/(-110) - -1).
2, 5, 11
Let q(x) = 9*x + 158. Let d be q(-17). Suppose -9*u + 2368 = d*k - 8*u, 4*k - 1888 = -4*u. What are the prime factors of k?
2, 3, 79
Let a = 6570 - 1094. List the prime factors of a.
2, 37
Suppose -4*w - 16 - 24 = 0. Let y = w - -31. Suppose -23 = -4*p + y. List the prime factors of p.
11
Suppose 2*c = 2*t - 6, -t + 7 = -4*c + 4. Suppose 3*b - 468 = 2*n, 2*b + 8*n - 312 = t*n. What are the prime factors of b?
2, 3, 13
Suppose m + 47*v - 8968 = 48*v, 2*m - 17936 = v. List the prime factors of m.
2, 19, 59
Let j be 363/(-21) + 8/28. Let b = 20 + j. Suppose b*p = 4*h + 205, -101 = -4*p - 5*h + 193. What are the prime factors of p?
71
Suppose 311*v - 1390668 = 4871317. What are the prime factors of v?
5, 4027
Let w(r) = -5*r**3 - 15*r**2 - 40*r + 6. Let d be w(-5). List the prime factors of 36238/22 - (d/88 - 5).
3, 61
Let l(t) = 3*t**2 - 8*t - 16. Let a be l(10). Let i be -4 - 7/((-28)/a). Suppose -i = -v + 58. What are the prime factors of v?
3, 5, 7
Suppose 4*s + 2*v - 24 = 6*v, 0 = -v. Let b(q) = q**2 - s*q + 5*q + 10 + 9 + 14. List the prime factors of b(0).
3, 11
Suppose -55*v - 726 = -57*v. Suppose -i + 7 = -v. Suppose -2*w + i = 3*h, 5*h = -w + 4*w + 585. What are the prime factors of h?
2, 3, 5
Let p(o) = 3140*o - 2188. What are the prime factors of p(10)?
2, 67, 109
Let d = -3558 - -5482. List the prime factors of d.
2, 13, 37
Suppose 4*h - 559 = k, 5*h - 6*k = -5*k + 698. Let i(f) = 23*f - 3. Let n be i(-4). Let u = h + n. List the prime factors of u.
2, 11
Let r(g) = -g**2 + 55. Let d be r(0). Let j = -53 + d. Suppose j*t = -0*t + 20. What are the prime factors of t?
2, 5
Suppose 2*t - 26 = 4. Let u = -13 + t. Suppose -200 = -2*k - 5*i, u*i = i + 2. What are the prime factors of k?
5, 19
Let k be -1 - (-1 - 2 - 10). Suppose -3*p - 3*y + 0*y = 45, 4*p + 59 = -5*y. List the prime factors of -18*(p/k + 0).
2, 3
Let d(w) = 11*w**2 + 33*w - 126. Suppose -30*t - 20 = -35*t. List the prime factors of d(t).
2, 7, 13
Let t(o) = -506*o**3 + o**2 + 127*o + 127. List the prime factors of t(-1).
3, 13
Suppose -17*m - 72 = -9*m. Let s be (5 + m)*((-363)/12 - -3). Suppose 900 = -105*d + s*d. What are the prime factors of d?
3, 5
Let v = 63 + -57. Let w = v - 3. What are the prime factors of 1608/30 + w/(-5)?
53
Let t = -685 - -582. Suppose -4*a - 2*z - 242 = 0, -a - 2*z - 17 - 51 = 0. Let g = a - t. What are the prime factors of g?
3, 5
Let u(w) = 2*w**2 + w - 15. Let n be u(0). Let o be (9/(-15))/(3/n). Suppose o*j + 2*j - 54 = 2*y, -2*j + 5*y + 9 = 0. List the prime factors of j.
2, 3
Let o(j) = -454*j - 1501. List the prime factors of o(-6).
1223
What are the prime factors of 94/(-376) - (-1)/4*10073?
2, 1259
Suppose 10*l = -52 - 48. What are the prime factors of 2/(-4) - ((-9935)/l)/(-1)?
3, 331
Suppose 3*v = 2*v + 2. Suppose 3*s = 3, 0 = -v*n + 3*s - 2*s - 1. Suppose a + 3*i - 13 - 10 = n, -29 = -3*a - i. List the prime factors of a.
2
Let k(s) = 51*s + 21. Let o be k(-4). Let m = o - -607. List the prime factors of m.
2, 53
Suppose -680*y + 683*y - 21 = 0. Suppose y*c = 17*c - 4400. What are the prime factors of c?
2, 5, 11
Let q be 3*(0 + -5 - -6). List the prime factors of -598*(0 + (-1)/6*q).
13, 23
Let d be 6/(-14) + (-3272)/(-56). Let l = -13 - d. Let o = l - -126. List the prime factors of o.
5, 11
Suppose 3*i - 947 = -3482. Let q = i - -1208. Let m = q - 216. List the prime factors of m.
3, 7
Let v be 30/(-18)*3 + (594 - -2). Let u = v - 50. List the prime factors of u.
541
Let q(b) = 442*b**2 + 175*b + 1995. List the prime factors of q(-13).
2, 3, 79, 157
Suppose -3*l + t + 34 = 0, -5*t - 48 = -l - 18. Let j(r) = -2*r**3 - r**2 - 3*r - 2. Let o be j(-2). Let c = o + l. List the prime factors of c.
2, 13
Let j(l) = 4*l**2 + 3*l - 4. Let a be j(-4). Let f = 685 - 659. Suppose h = a + f. List the prime